{"id":72,"date":"2016-12-23T23:28:13","date_gmt":"2016-12-23T23:28:13","guid":{"rendered":"http:\/\/pfadfinder-diespeck.de\/?page_id=72"},"modified":"2026-02-02T23:02:23","modified_gmt":"2026-02-02T22:02:23","slug":"foerderverein","status":"publish","type":"page","link":"https:\/\/pfadfinder-diespeck.de\/?page_id=72","title":{"rendered":"Unser F\u00f6rderverein"},"content":{"rendered":"<div class=\"wp-block-image is-style-rounded\">\n<figure class=\"alignleft size-full is-resized\"><img loading=\"lazy\" decoding=\"async\" width=\"200\" height=\"200\" src=\"https:\/\/pfadfinder-diespeck.de\/wp-content\/uploads\/2023\/11\/lilie-logo.png\" alt=\"\" class=\"wp-image-2822\" style=\"aspect-ratio:0.86875;width:177px;height:auto\" srcset=\"https:\/\/pfadfinder-diespeck.de\/wp-content\/uploads\/2023\/11\/lilie-logo.png 200w, https:\/\/pfadfinder-diespeck.de\/wp-content\/uploads\/2023\/11\/lilie-logo-150x150.png 150w\" sizes=\"auto, (max-width: 200px) 100vw, 200px\" \/><\/figure><\/div>\n\n\n<p>Dass die Arbeit in einem Pfadfinderstamm nicht ohne eine solide Finanzierung funktioniert, erkennt man sehr schnell, wenn man sich die gro\u00dfen Zelte, aber auch die viele Ausr\u00fcstung auf einem der vielen Lager und Fahrten sieht.<\/p>\n\n\n\n<p>Aus diesem Anlass wurde 2013 von ehemaligen und aktiven Pfadfindern des Stammes Veit vom Berg der &#8222;Freundes- und F\u00f6rderkreis christliche Pfadfinderinnen und Pfadfinder Neustadt\/Aisch und Umgebung e.V.&#8220; gegr\u00fcndet, um die Arbeit in den Meuten, Sippen und Runden zu unterst\u00fctzen. Diese Aufgabe erf\u00fcllt der gemeinn\u00fctzige Verein dadurch, indem er den Stamm und seine Mitglieder bei Fahrten, Lagern und Aktionen, sowie bei der Anschaffung von Material finanziell unterst\u00fctzt. Dar\u00fcber hinaus dient der Verein als Rechtstr\u00e4ger des Stammes Veit vom Berg.<\/p>\n\n\n\n<p>Viele ehemalige Mitglieder, aber auch Eltern, Freunde und Bekannte engagieren sich so mit Leidenschaft Jahr f\u00fcr Jahr f\u00fcr die christliche Pfadfinderarbeit in der Kirchengemeinde Diespeck. Und die Anzahl unserer Unterst\u00fctzer w\u00e4chst stetig \u2013 wenn auch Sie etwas Gutes tun wollen, k\u00f6nnen Sie schon f\u00fcr zehn Euro im Jahr Mitglied werden und den Stamm Veit vom Berg und die Arbeit mit Kindern und Jugendlichen unterst\u00fctzen. Den Mitgliedsantrag k\u00f6nnen sie einfach hier downloaden. Die aktuelle Satzung k\u00f6nnen sie unter diesem Link einsehen. Nat\u00fcrlich ist es auch m\u00f6glich, einmal zu spenden. Diese Spende ist steuerlich absetzbar \u2013 wenn Sie spenden m\u00f6chten, wenden Sie sich einfach an unseren Vorstand.<\/p>\n\n\n\n<p>Bei weiteren Fragen k\u00f6nnen Sie sich jederzeit an Andrea Hofmann-Popp (1. Vorsitzender) wenden. Wir danken Ihnen bereits jetzt f\u00fcr Ihre Unterst\u00fctzung f\u00fcr unsere Arbeit.<\/p>\n\n\n\n<p><em>Andrea Hofmann-Popp<\/em><br><em>Obersachsen 30a<\/em><br><em>91456 Diespeck<\/em><br><em>09161\/<\/em>882414<br><em>foerderverein@pfadfinder-diespeck.de<\/em><\/p>\n\n\n\n<div class=\"wp-block-buttons is-horizontal is-content-justification-center is-layout-flex wp-container-core-buttons-is-layout-499968f5 wp-block-buttons-is-layout-flex\">\n<div class=\"wp-block-button\"><a class=\"wp-block-button__link wp-element-button\" href=\"https:\/\/pfadfinder-diespeck.de\/1_Foerderverein\/Satzung.pdf\">Download Satzung<\/a><\/div>\n\n\n\n<div class=\"wp-block-button\"><a class=\"wp-block-button__link wp-element-button\" href=\"https:\/\/pfadfinder-diespeck.de\/1_Foerderverein\/Aufnahmeantrag.pdf\">Download Mitgliedsantrag<\/a><\/div>\n<\/div>\n\n\n\n<p><\/p>\n","protected":false},"excerpt":{"rendered":"<p>Dass die Arbeit in einem Pfadfinderstamm nicht ohne eine solide Finanzierung funktioniert, erkennt man sehr schnell, wenn man sich die gro\u00dfen Zelte, aber auch die viele Ausr\u00fcstung auf einem der vielen Lager und Fahrten sieht. Aus diesem Anlass wurde 2013 &hellip;<\/p>\n","protected":false},"author":1,"featured_media":1364,"parent":0,"menu_order":0,"comment_status":"closed","ping_status":"closed","template":"","meta":{"footnotes":""},"class_list":["post-72","page","type-page","status-publish","has-post-thumbnail","hentry"],"_links":{"self":[{"href":"https:\/\/pfadfinder-diespeck.de\/index.php?rest_route=\/wp\/v2\/pages\/72","targetHints":{"allow":["GET"]}}],"collection":[{"href":"https:\/\/pfadfinder-diespeck.de\/index.php?rest_route=\/wp\/v2\/pages"}],"about":[{"href":"https:\/\/pfadfinder-diespeck.de\/index.php?rest_route=\/wp\/v2\/types\/page"}],"author":[{"embeddable":true,"href":"https:\/\/pfadfinder-diespeck.de\/index.php?rest_route=\/wp\/v2\/users\/1"}],"replies":[{"embeddable":true,"href":"https:\/\/pfadfinder-diespeck.de\/index.php?rest_route=%2Fwp%2Fv2%2Fcomments&post=72"}],"version-history":[{"count":27,"href":"https:\/\/pfadfinder-diespeck.de\/index.php?rest_route=\/wp\/v2\/pages\/72\/revisions"}],"predecessor-version":[{"id":3115,"href":"https:\/\/pfadfinder-diespeck.de\/index.php?rest_route=\/wp\/v2\/pages\/72\/revisions\/3115"}],"wp:featuredmedia":[{"embeddable":true,"href":"https:\/\/pfadfinder-diespeck.de\/index.php?rest_route=\/wp\/v2\/media\/1364"}],"wp:attachment":[{"href":"https:\/\/pfadfinder-diespeck.de\/index.php?rest_route=%2Fwp%2Fv2%2Fmedia&parent=72"}],"curies":[{"name":"wp","href":"https:\/\/api.w.org\/{rel}","templated":true}]}}

Unser Förderverein

<div class="wp-block-image is-style-rounded">
<figure class="alignleft size-full is-resized"><img loading="lazy" decoding="async" width="200" height="200" src="https://pfadfinder-diespeck.de/wp-content/uploads/2023/11/lilie-logo.png" alt="" class="wp-image-2822" style="aspect-ratio:0.86875;width:177px;height:auto" srcset="https://pfadfinder-diespeck.de/wp-content/uploads/2023/11/lilie-logo.png 200w, https://pfadfinder-diespeck.de/wp-content/uploads/2023/11/lilie-logo-150x150.png 150w" sizes="auto, (max-width: 200px) 100vw, 200px" /></figure></div>


<p>Dass die Arbeit in einem Pfadfinderstamm nicht ohne eine solide Finanzierung funktioniert, erkennt man sehr schnell, wenn man sich die großen Zelte, aber auch die viele Ausrüstung auf einem der vielen Lager und Fahrten sieht.</p>



<p>Aus diesem Anlass wurde 2013 von ehemaligen und aktiven Pfadfindern des Stammes Veit vom Berg der &#8222;Freundes- und Förderkreis christliche Pfadfinderinnen und Pfadfinder Neustadt/Aisch und Umgebung e.V.&#8220; gegründet, um die Arbeit in den Meuten, Sippen und Runden zu unterstützen. Diese Aufgabe erfüllt der gemeinnützige Verein dadurch, indem er den Stamm und seine Mitglieder bei Fahrten, Lagern und Aktionen, sowie bei der Anschaffung von Material finanziell unterstützt. Darüber hinaus dient der Verein als Rechtsträger des Stammes Veit vom Berg.</p>



<p>Viele ehemalige Mitglieder, aber auch Eltern, Freunde und Bekannte engagieren sich so mit Leidenschaft Jahr für Jahr für die christliche Pfadfinderarbeit in der Kirchengemeinde Diespeck. Und die Anzahl unserer Unterstützer wächst stetig – wenn auch Sie etwas Gutes tun wollen, können Sie schon für zehn Euro im Jahr Mitglied werden und den Stamm Veit vom Berg und die Arbeit mit Kindern und Jugendlichen unterstützen. Den Mitgliedsantrag können sie einfach hier downloaden. Die aktuelle Satzung können sie unter diesem Link einsehen. Natürlich ist es auch möglich, einmal zu spenden. Diese Spende ist steuerlich absetzbar – wenn Sie spenden möchten, wenden Sie sich einfach an unseren Vorstand.</p>



<p>Bei weiteren Fragen können Sie sich jederzeit an Andrea Hofmann-Popp (1. Vorsitzender) wenden. Wir danken Ihnen bereits jetzt für Ihre Unterstützung für unsere Arbeit.</p>



<p><em>Andrea Hofmann-Popp</em><br><em>Obersachsen 30a</em><br><em>91456 Diespeck</em><br><em>09161/</em>882414<br><em>foerderverein@pfadfinder-diespeck.de</em></p>



<div class="wp-block-buttons is-horizontal is-content-justification-center is-layout-flex wp-container-core-buttons-is-layout-499968f5 wp-block-buttons-is-layout-flex">
<div class="wp-block-button"><a class="wp-block-button__link wp-element-button" href="https://pfadfinder-diespeck.de/1_Foerderverein/Satzung.pdf">Download Satzung</a></div>



<div class="wp-block-button"><a class="wp-block-button__link wp-element-button" href="https://pfadfinder-diespeck.de/1_Foerderverein/Aufnahmeantrag.pdf">Download Mitgliedsantrag</a></div>
</div>



<p></p>

<p>Dass die Arbeit in einem Pfadfinderstamm nicht ohne eine solide Finanzierung funktioniert, erkennt man sehr schnell, wenn man sich die großen Zelte, aber auch die viele Ausrüstung auf einem der vielen Lager und Fahrten sieht. Aus diesem Anlass wurde 2013 &hellip;</p>
