{"id":1492,"date":"2022-05-12T14:25:08","date_gmt":"2022-05-12T12:25:08","guid":{"rendered":"https:\/\/pfadfinder-diespeck.de\/?page_id=1492"},"modified":"2025-03-12T19:10:10","modified_gmt":"2025-03-12T18:10:10","slug":"unsere-gruppen","status":"publish","type":"page","link":"https:\/\/pfadfinder-diespeck.de\/?page_id=1492","title":{"rendered":"Unsere Gruppen"},"content":{"rendered":"\n<p>Ein Pfadfinderstamm ist normalerweise aufgegliedert in mehrere Meuten &amp; Sippen Im Folgenden wollen wir Ihnen kurz erkl\u00e4ren, was Sie sich unter diesen Begriffen vorstellen k\u00f6nnen.<\/p>\n\n\n\n<p>In Meuten treffen sich W\u00f6lflinge \u2013 das sind unsere j\u00fcngsten Mitglieder im Alter von 7 bis 11 Jahren. Ihr Vorbild sind die W\u00f6lfe, bei denen das Menschenjunge Mogli aufwuchs. Von ihnen und den anderen Tieren aus Rudyard Kiplings Dschungelbuch k\u00f6nnen die Kinder eine Menge lernen \u2013 unter anderem, wie wichtig es ist, in der Gruppe aufeinander R\u00fccksicht zu nehmen, zusammenzuhalten und einige Regeln zu beachten. Vor allem aber gilt es in der Fantasie-Welt des Dschungels manches spannende Abenteuer zu erleben! Etwa 8 bis 20 M\u00e4dchen und\/oder Jungen bilden dabei zusammen eine Meute, die sich einmal in der Woche unter der F\u00fchrung des Akela und der Meutenhelfer zur Meutenstunde trifft. Dort spielen, basteln und singen die W\u00f6lflinge \u2013 und lernen auf kindgerechte Weise die Bibel und den christlichen Glauben kennen. Auch die Besch\u00e4ftigung mit der Natur und die Erkundung der Umgebung sind Teil des Programms. Zu den H\u00f6hepunkten im Leben der W\u00f6lflinge geh\u00f6ren die mehrt\u00e4gigen Meutenlager, bei denen im Haus \u00fcbernachtet wird. Zeltlager und Wanderfahrten sind dagegen den Pfadfindern in den Sippen vorbehalten. In diese Stufe treten die W\u00f6lflinge im Alter von etwa 11 Jahren feierlich \u00fcber.<br>Unsere Meuten tragen den Namen von Dschungel(buch)tieren, deren Eigenschaften besonders gut zu ihnen passen.<\/p>\n\n\n\n<p>Die Pfadfinderarbeit beginnt in der CPD im Alter von 11 Jahren. Im Vordergrund steht das gemeinsame Erleben und Lernen in der kleinen Gruppe \u2013 die Jugendlichen sind auf der Suche nach ihren eigenen Wertvorstellungen. Der Einzelne soll dabei seine Pers\u00f6nlichkeit und Kreativit\u00e4t entwickeln k\u00f6nnen. In den Gruppenstunden und auf Fahrt und Lager \u00fcben die Pfadfinderinnen und Pfadfinder handwerkliche und musische F\u00e4higkeiten nach dem Prinzip des \u201clearning by doing\u201d. Da gibt es viele Herausforderungen. Gefordert und gef\u00f6rdert werden die Pfadfinder durch die Aufgaben der Probenarbeit. Die Probenarbeit stellt eine Horizonterweiterung und eine Herausforderung an jeden Einzelnen und gleichzeitig an die Sippe dar, denn sie kann nur gemeinsam erf\u00fcllt werden. Mit den Proben werden die Inhalte unserer Arbeit umrissen, die von praktischen Pfadfindertechniken und dem Christentum, bis zu gesellschaftlichen, kulturellen und musischen Inhalten reichen. Von besonderer Bedeutung ist das Leben mit und in der Natur. Gerade durch das unmittelbare Erleben der Natur und durch die Erziehung zum schonenden Umgang mit ihr k\u00f6nnen Jugendliche Verantwortungsgef\u00fchl f\u00fcr sich und andere entwickeln. Dabei setzen wir schon seit vielen Jahren auf Elemente der Erlebnisp\u00e4dagogik. Die Naturverbundenheit der Pfadfinder kommt besonders durch unsere Zelte und Lagerbauten, die ausschlie\u00dflich aus Holz, Seilen und den traditionellen schwarzen Zeltbahnen bestehen, zum Ausdruck. Pfadfinderinnen und Pfadfinder setzen sich so auch aktiv mit dem Umweltschutz auseinander. Im Alter von 14-16 Jahren legen die Jungpfadfinderinnen und Jungpfadfinder ihre Knappenproben ab und erreichen damit den Stand des Knappen. Sie verbleiben jedoch bis zum Ende der Sippenzeit mit 16-18 Jahren in Ihrer Sippe, bevor sie Aufgaben im Stamm bzw. in der F\u00fchrerrunde (z.B. selbst als Sippenf\u00fchrer) \u00fcbernehmen.<\/p>\n\n\n\n<p>In unserem Stamm gibt es verschiedene Gruppen f\u00fcr jede Altersgruppe.<\/p>\n\n\n\n<table id=\"tablepress-7\" class=\"tablepress tablepress-id-7\">\n<thead>\n<tr class=\"row-1\">\n\t<th class=\"column-1\">Name<\/th><th class=\"column-2\">Jahrg\u00e4nge<\/th><th class=\"column-3\">Tag und Uhrzeit<\/th><th class=\"column-4\">Kontakt<\/th>\n<\/tr>\n<\/thead>\n<tbody class=\"row-striping row-hover\">\n<tr class=\"row-2\">\n\t<td class=\"column-1\">Meute Ikki<\/td><td class=\"column-2\">2016 - 2018<\/td><td class=\"column-3\">Mittwoch, 17.30 - 19.00 Uhr<\/td><td class=\"column-4\">finja@pfadfinder-diespeck.de \/ jonas@pfadfinder-diespeck.de<\/td>\n<\/tr>\n<tr class=\"row-3\">\n\t<td class=\"column-1\">Meute Balu<\/td><td class=\"column-2\">2013 - 2015<\/td><td class=\"column-3\">Montag, 17.30 - 19.00 Uhr<\/td><td class=\"column-4\">til@pfadfinder-diespeck.de \/ katja@pfadfinder-diespeck.de \/ jonah@pfadfinder-diespeck.de<\/td>\n<\/tr>\n<tr class=\"row-4\">\n\t<td class=\"column-1\">Sippe Eichh\u00f6rnchen<\/td><td class=\"column-2\">2010 - 2012<\/td><td class=\"column-3\">Dienstag, 17.30 - 19.30 Uhr<\/td><td class=\"column-4\">anna@pfadfinder-diespeck.de \/ julian@pfadfinder-diespeck.de<\/td>\n<\/tr>\n<tr class=\"row-5\">\n\t<td class=\"column-1\">Sippe Turmfalke<\/td><td class=\"column-2\">2010 - 2012<\/td><td class=\"column-3\">Freitag, 16.00 - 18.00 Uhr<\/td><td class=\"column-4\">anna@pfadfinder-diespeck.de<\/td>\n<\/tr>\n<\/tbody>\n<\/table>\n<!-- #tablepress-7 from cache -->\n","protected":false},"excerpt":{"rendered":"<p>Ein Pfadfinderstamm ist normalerweise aufgegliedert in mehrere Meuten &amp; Sippen Im Folgenden wollen wir Ihnen kurz erkl\u00e4ren, was Sie sich unter diesen Begriffen vorstellen k\u00f6nnen. In Meuten treffen sich W\u00f6lflinge \u2013 das sind unsere j\u00fcngsten Mitglieder im Alter von 7 &hellip;<\/p>\n","protected":false},"author":1,"featured_media":2910,"parent":0,"menu_order":0,"comment_status":"closed","ping_status":"closed","template":"","meta":{"footnotes":""},"class_list":["post-1492","page","type-page","status-publish","has-post-thumbnail","hentry"],"_links":{"self":[{"href":"https:\/\/pfadfinder-diespeck.de\/index.php?rest_route=\/wp\/v2\/pages\/1492","targetHints":{"allow":["GET"]}}],"collection":[{"href":"https:\/\/pfadfinder-diespeck.de\/index.php?rest_route=\/wp\/v2\/pages"}],"about":[{"href":"https:\/\/pfadfinder-diespeck.de\/index.php?rest_route=\/wp\/v2\/types\/page"}],"author":[{"embeddable":true,"href":"https:\/\/pfadfinder-diespeck.de\/index.php?rest_route=\/wp\/v2\/users\/1"}],"replies":[{"embeddable":true,"href":"https:\/\/pfadfinder-diespeck.de\/index.php?rest_route=%2Fwp%2Fv2%2Fcomments&post=1492"}],"version-history":[{"count":5,"href":"https:\/\/pfadfinder-diespeck.de\/index.php?rest_route=\/wp\/v2\/pages\/1492\/revisions"}],"predecessor-version":[{"id":2942,"href":"https:\/\/pfadfinder-diespeck.de\/index.php?rest_route=\/wp\/v2\/pages\/1492\/revisions\/2942"}],"wp:featuredmedia":[{"embeddable":true,"href":"https:\/\/pfadfinder-diespeck.de\/index.php?rest_route=\/wp\/v2\/media\/2910"}],"wp:attachment":[{"href":"https:\/\/pfadfinder-diespeck.de\/index.php?rest_route=%2Fwp%2Fv2%2Fmedia&parent=1492"}],"curies":[{"name":"wp","href":"https:\/\/api.w.org\/{rel}","templated":true}]}}

<p>Ein Pfadfinderstamm ist normalerweise aufgegliedert in mehrere Meuten &amp; Sippen Im Folgenden wollen wir Ihnen kurz erklären, was Sie sich unter diesen Begriffen vorstellen können.</p>



<p>In Meuten treffen sich Wölflinge – das sind unsere jüngsten Mitglieder im Alter von 7 bis 11 Jahren. Ihr Vorbild sind die Wölfe, bei denen das Menschenjunge Mogli aufwuchs. Von ihnen und den anderen Tieren aus Rudyard Kiplings Dschungelbuch können die Kinder eine Menge lernen – unter anderem, wie wichtig es ist, in der Gruppe aufeinander Rücksicht zu nehmen, zusammenzuhalten und einige Regeln zu beachten. Vor allem aber gilt es in der Fantasie-Welt des Dschungels manches spannende Abenteuer zu erleben! Etwa 8 bis 20 Mädchen und/oder Jungen bilden dabei zusammen eine Meute, die sich einmal in der Woche unter der Führung des Akela und der Meutenhelfer zur Meutenstunde trifft. Dort spielen, basteln und singen die Wölflinge – und lernen auf kindgerechte Weise die Bibel und den christlichen Glauben kennen. Auch die Beschäftigung mit der Natur und die Erkundung der Umgebung sind Teil des Programms. Zu den Höhepunkten im Leben der Wölflinge gehören die mehrtägigen Meutenlager, bei denen im Haus übernachtet wird. Zeltlager und Wanderfahrten sind dagegen den Pfadfindern in den Sippen vorbehalten. In diese Stufe treten die Wölflinge im Alter von etwa 11 Jahren feierlich über.<br>Unsere Meuten tragen den Namen von Dschungel(buch)tieren, deren Eigenschaften besonders gut zu ihnen passen.</p>



<p>Die Pfadfinderarbeit beginnt in der CPD im Alter von 11 Jahren. Im Vordergrund steht das gemeinsame Erleben und Lernen in der kleinen Gruppe – die Jugendlichen sind auf der Suche nach ihren eigenen Wertvorstellungen. Der Einzelne soll dabei seine Persönlichkeit und Kreativität entwickeln können. In den Gruppenstunden und auf Fahrt und Lager üben die Pfadfinderinnen und Pfadfinder handwerkliche und musische Fähigkeiten nach dem Prinzip des “learning by doing”. Da gibt es viele Herausforderungen. Gefordert und gefördert werden die Pfadfinder durch die Aufgaben der Probenarbeit. Die Probenarbeit stellt eine Horizonterweiterung und eine Herausforderung an jeden Einzelnen und gleichzeitig an die Sippe dar, denn sie kann nur gemeinsam erfüllt werden. Mit den Proben werden die Inhalte unserer Arbeit umrissen, die von praktischen Pfadfindertechniken und dem Christentum, bis zu gesellschaftlichen, kulturellen und musischen Inhalten reichen. Von besonderer Bedeutung ist das Leben mit und in der Natur. Gerade durch das unmittelbare Erleben der Natur und durch die Erziehung zum schonenden Umgang mit ihr können Jugendliche Verantwortungsgefühl für sich und andere entwickeln. Dabei setzen wir schon seit vielen Jahren auf Elemente der Erlebnispädagogik. Die Naturverbundenheit der Pfadfinder kommt besonders durch unsere Zelte und Lagerbauten, die ausschließlich aus Holz, Seilen und den traditionellen schwarzen Zeltbahnen bestehen, zum Ausdruck. Pfadfinderinnen und Pfadfinder setzen sich so auch aktiv mit dem Umweltschutz auseinander. Im Alter von 14-16 Jahren legen die Jungpfadfinderinnen und Jungpfadfinder ihre Knappenproben ab und erreichen damit den Stand des Knappen. Sie verbleiben jedoch bis zum Ende der Sippenzeit mit 16-18 Jahren in Ihrer Sippe, bevor sie Aufgaben im Stamm bzw. in der Führerrunde (z.B. selbst als Sippenführer) übernehmen.</p>



<p>In unserem Stamm gibt es verschiedene Gruppen für jede Altersgruppe.</p>



<table id="tablepress-7" class="tablepress tablepress-id-7">
<thead>
<tr class="row-1">
	<th class="column-1">Name</th><th class="column-2">Jahrgänge</th><th class="column-3">Tag und Uhrzeit</th><th class="column-4">Kontakt</th>
</tr>
</thead>
<tbody class="row-striping row-hover">
<tr class="row-2">
	<td class="column-1">Meute Ikki</td><td class="column-2">2016 - 2018</td><td class="column-3">Mittwoch, 17.30 - 19.00 Uhr</td><td class="column-4">finja@pfadfinder-diespeck.de / jonas@pfadfinder-diespeck.de</td>
</tr>
<tr class="row-3">
	<td class="column-1">Meute Balu</td><td class="column-2">2013 - 2015</td><td class="column-3">Montag, 17.30 - 19.00 Uhr</td><td class="column-4">til@pfadfinder-diespeck.de / katja@pfadfinder-diespeck.de / jonah@pfadfinder-diespeck.de</td>
</tr>
<tr class="row-4">
	<td class="column-1">Sippe Eichhörnchen</td><td class="column-2">2010 - 2012</td><td class="column-3">Dienstag, 17.30 - 19.30 Uhr</td><td class="column-4">anna@pfadfinder-diespeck.de / julian@pfadfinder-diespeck.de</td>
</tr>
<tr class="row-5">
	<td class="column-1">Sippe Turmfalke</td><td class="column-2">2010 - 2012</td><td class="column-3">Freitag, 16.00 - 18.00 Uhr</td><td class="column-4">anna@pfadfinder-diespeck.de</td>
</tr>
</tbody>
</table>
<!-- #tablepress-7 from cache -->

<p>Ein Pfadfinderstamm ist normalerweise aufgegliedert in mehrere Meuten &amp; Sippen Im Folgenden wollen wir Ihnen kurz erklären, was Sie sich unter diesen Begriffen vorstellen können. In Meuten treffen sich Wölflinge – das sind unsere jüngsten Mitglieder im Alter von 7 &hellip;</p>
